Calculate the remainder when 430 is divided by 44.
34
Calculate the remainder when 154 is divided by 70.
14
Calculate the remainder when 1761 is divided by 57.
51
What is the remainder when 77 is divided by 16?
13
What is the remainder when 3271 is divided by 328?
319
Calculate the remainder when 1834 is divided by 83.
8
Calculate the remainder when 33 is divided by 2.
1
What is the remainder when 181 is divided by 23?
20
What is the remainder when 210 is divided by 73?
64
What is the remainder when 1346 is divided by 150?
146
What is the remainder when 681 is divided by 18?
15
What is the remainder when 146 is divided by 50?
46
What is the remainder when 93 is divided by 25?
18
Calculate the remainder when 2927 is divided by 61.
60
What is the remainder when 316 is divided by 69?
40
What is the remainder when 802 is divided by 79?
12
What is the remainder when 954 is divided by 153?
36
What is the remainder when 910 is divided by 12?
10
Calculate the remainder when 7177 is divided by 56.
9
Calculate the remainder when 177 is divided by 23.
16
What is the remainder when 1509 is divided by 10?
9
What is the remainder when 332 is divided by 37?
36
Calculate the remainder when 7288 is divided by 54.
52
What is the remainder when 2626 is divided by 49?
29
Calculate the remainder when 635 is divided by 128.
123
What is the remainder when 591 is divided by 101?
86
Calculate the remainder when 3908 is divided by 103.
97
Calculate the remainder when 1738 is divided by 290.
288
What is the remainder when 3229 is divided by 190?
189
Calculate the remainder when 54 is divided by 5.
4
What is the remainder when 119 is divided by 27?
11
What is the remainder when 64 is divided by 20?
4
Calculate the remainder when 12258 is divided by 219.
213
Calculate the remainder when 26 is divided by 14.
12
Calculate the remainder when 83 is divided by 46.
37
Calculate the remainder when 16 is divided by 3.
1
What is the remainder when 51 is divided by 19?
13
Calculate the remainder when 51 is divided by 26.
25
Calculate the remainder when 1788 is divided by 878.
32
Calculate the remainder when 85 is divided by 43.
42
What is the remainder when 281 is divided by 12?
5
What is the remainder when 3685 is divided by 19?
18
What is the remainder when 296 is divided by 20?
16
What is the remainder when 398 is divided by 23?
7
Calculate the remainder when 149 is divided by 24.
5
What is the remainder when 286 is divided by 142?
2
Calculate the remainder when 1303 is divided by 144.
7
Calculate the remainder when 355 is divided by 60.
55
Calculate the remainder when 5722 is divided by 220.
2
What is the remainder when 529 is divided by 27?
16
What is the remainder when 1520 is divided by 127?
123
What is the remainder when 1148 is divided by 116?
104
What is the remainder when 225 is divided by 49?
29
What is the remainder when 6149 is divided by 293?
289
What is the remainder when 195 is divided by 25?
20
Calculate the remainder when 227 is divided by 115.
112
What is the remainder when 1205 is divided by 600?
5
Calculate the remainder when 2029 is divided by 55.
49
Calculate the remainder when 6508 is divided by 105.
103
Calculate the remainder when 114 is divided by 23.
22
Calculate the remainder when 81 is divided by 41.
40
What is the remainder when 68 is divided by 39?
29
What is the remainder when 2144 is divided by 427?
9
Calculate the remainder when 36 is divided by 7.
1
What is the remainder when 1591 is divided by 84?
79
Calculate the remainder when 692 is divided by 128.
52
Calculate the remainder when 94 is divided by 24.
22
What is the remainder when 4489 is divided by 107?
102
What is the remainder when 490 is divided by 348?
142
Calculate the remainder when 104 is divided by 91.
13
What is the remainder when 1137 is divided by 63?
3
Calculate the remainder when 1580 is divided by 72.
68
Calculate the remainder when 11 is divided by 10.
1
Calculate the remainder when 1715 is divided by 214.
3
What is the remainder when 1016 is divided by 68?
64
What is the remainder when 245 is divided by 13?
11
Calculate the remainder when 5984 is divided by 54.
44
Calculate the remainder when 842 is divided by 65.
62
What is the remainder when 217 is divided by 9?
1
What is the remainder when 3598 is divided by 10?
8
Calculate the remainder when 35 is divided by 27.
8
Calculate the remainder when 632 is divided by 29.
23
What is the remainder when 246 is divided by 62?
60
Calculate the remainder when 27 is divided by 10.
7
Calculate the remainder when 156 is divided by 40.
36
Calculate the remainder when 856 is divided by 209.
20
Calculate the remainder when 97 is divided by 50.
47
Calculate the remainder when 181 is divided by 52.
25
Calculate the remainder when 1305 is divided by 259.
10
Calculate the remainder when 383 is divided by 64.
63
What is the remainder when 395 is divided by 36?
35
Calculate the remainder when 280 is divided by 36.
28
Calculate the remainder when 554 is divided by 46.
2
What is the remainder when 1504 is divided by 170?
144
What is the remainder when 3482 is divided by 67?
65
Calculate the remainder when 2967 is divided by 15.
12
Calculate the remainder when 500 is divided by 9.
5
Calculate the remainder when 260 is divided by 67.
59
Calculate the remainder when 51 is divided by 48.
3
Calculate the remainder when 118 is divided by 24.
22
What is the remainder when 269 is divided by 136?
133
What is the remainder when 4511 is divided by 122?
119
What is the remainder when 60 is divided by 50?
10
What is the remainder when 20017 is divided by 142?
137
What is the remainder when 109 is divided by 14?
11
What is the remainder when 2714 is divided by 60?
14
Calculate the remainder when 86 is divided by 32.
22
What is the remainder when 354 is divided by 18?
12
Calculate the remainder when 1456 is divided by 483.
7
Calculate the remainder when 321 is divided by 58.
31
What is the remainder when 164 is divided by 28?
24
Calculate the remainder when 852 is divided by 16.
4
What is the remainder when 77 is divided by 13?
12
What is the remainder when 160 is divided by 5?
0
Calculate the remainder when 292 is divided by 142.
8
Calculate the remainder when 1248 is divided by 211.
193
Calculate the remainder when 9572 is divided by 36.
32
Calculate the remainder when 269 is divided by 92.
85
Calculate the remainder when 294 is divided by 5.
4
Calculate the remainder when 165 is divided by 64.
37
Calculate the remainder when 45 is divided by 39.
6
Calculate the remainder when 2031 is divided by 335.
21
Calculate the remainder when 173 is divided by 38.
21
Calculate the remainder when 1846 is divided by 185.
181
Calculate the remainder when 550 is divided by 52.
30
Calculate the remainder when 42 is divided by 25.
17
What is the remainder when 2558 is divided by 20?
18
What is the remainder when 3139 is divided by 157?
156
What is the remainder when 204 is divided by 31?
18
Calculate the remainder when 189 is divided by 30.
9
Calculate the remainder when 95 is divided by 22.
7
Calculate the remainder when 2457 is divided by 205.
202
What is the remainder when 1003 is divided by 86?
57
What is the remainder when 355 is divided by 10?
5
Calculate the remainder when 1974 is divided by 512.
438
What is the remainder when 114 is divided by 114?
0
What is the remainder when 947 is divided by 79?
78
What is the remainder when 460 is divided by 77?
75
Calculate the remainder when 233 is divided by 229.
4
What is the remainder when 134 is divided by 24?
14
What is the remainder when 28 is divided by 22?
6
Calculate the remainder when 230 is divided by 17.
9
Calculate the remainder when 1093 is divided by 133.
29
What is the remainder when 964 is divided by 882?
82
Calculate the remainder when 1157 is divided by 60.
17
Calculate the remainder when 309 is divided by 144.
21
What is the remainder when 11 is divided by 2?
1
Calculate the remainder when 23 is divided by 10.
3
What is the remainder when 84 is divided by 29?
26
What is the remainder when 194 is divided by 102?
92
Calculate the remainder when 294 is divided by 192.
102
What is the remainder when 228 is divided by 47?
40
What is the remainder when 16 is divided by 4?
0
What is the remainder when 300 is divi